 51*t**p + 4 - 3 - 49*t**2 + 3 - t. What is m(4)?
32
Let l be -3*(245/(-12) + 5/(-20)). Suppose 7*s - 4*h = 3*s - 276, s = 3*h - 67. Let p = s + l. Let t(q) = q**3 + 7*q**2 - 5*q + 10. Give t(p).
-14
Let u = 72 - 286. Let l = u + 220. Let j(t) = t. What is j(l)?
6
Let t(s) = 12*s**2 - 7*s - 15. Let q(w) = -3*w**2 + w - 7. Let y(a) = 5*a**2 - 2*a + 7. Let n(b) = 5*q(b) + 4*y(b). Let h(k) = -5*n(k) + 2*t(k). Give h(4).
-7
Let z(s) = 5*s**2 - s - 1. Let a(u) = 26*u**2 - 6*u - 21. Let g(k) = a(k) - 5*z(k). Give g(-5).
14
Let d be (3 - -7)*-2 - -23. Let u(y) = -4*y**2 - 12*y + 18. Calculate u(d).
-54
Let n(y) = y**2 + 3*y - 2. Suppose -207 = -10*i - 13*i. Let p be (-66)/44*(24/i)/1. Determine n(p).
2
Let x(s) = -2*s**3 + 27*s**2 - 9*s**3 + 9*s**3 - 29 - s**3 + 23*s. Let n(c) = 2*c**3 - 14*c**2 - 12*c + 15. Let h(p) = -5*n(p) - 3*x(p). Give h(-10).
2
Suppose -5*l + 22 = -2*l + 5*w, -w + 8 = -3*l. Let z be 0 + (l - -13) - -3. Let i be (z/30)/((-1)/4). Let m(h) = -h**3 + 3*h + 3. What is m(i)?
5
Let w(r) = r**2 + 10*r + 1. Let g be 9 + -1 + -5 + -2 + 1. Let f(n) = 8*n - 17*n**3 - 13*n**3 - 13*n**3 - 7 + 6*n**g + 44*n**3. Let c be f(-4). What is w(c)?
-20
Let x(m) = 7 - 26*m - 31*m + 65*m + 3 - 36*m. What is x(1)?
-18
Let q(h) = -17*h**2 + 16*h - 12. Let p(z) = 54*z**2 - 46*z + 32. Let s(f) = 3*p(f) + 8*q(f). What is s(2)?
84
Let u(x) = -2*x**2 + 15*x - 14. Let z(t) = 10*t + t**2 - 12*t - 2*t**2 + 2*t**2. Let i(g) = u(g) + 3*z(g). What is i(-10)?
-4
Let y(f) be the third derivative of f**5/30 + f**4/12 + 2*f**3/3 - f**2 + 153163. Let m(w) = -w**2. Let l be m(2). Calculate y(l).
28
Let z = -526 - -87. Let x = z - -444. Let t(o) be the third derivative of o**4/24 - 5*o**3/6 + o**2. What is t(x)?
0
Suppose -31 - 65 = -4*x. Suppose -27*f = -x*f. Let c(a) be the second derivative of a**4/12 + 7*a. Determine c(f).
0
Let l(k) = -2*k - 5. Let p(h) = -h - 4. Let z(m) = 3*l(m) - 4*p(m). Let x(f) = -2*f - 2. Let c(v) = 2*x(v) - 3*z(v). Calculate c(5).
3
Let a(b) be the second derivative of 109*b**3/3 - 437*b**2/2 - 6306*b. Determine a(2).
-1
Let f(w) = 2*w**2 + 31*w + 21. Suppose 4*g - y + 557 = 499, 3*y - 39 = 3*g. What is f(g)?
6
Let n(l) = -l**3 + 4*l**2 + 19*l - 46. Let t be n(3). Let f(s) = 3*s - 43. Calculate f(t).
17
Let d(c) = -c - 7. Let v(j) = 8*j - 85. Let i(s) = -2. Let t(k) = 3*i(k) + v(k). Let b be t(11). What is d(b)?
-4
Let o(c) = -2*c + 6. Suppose 0*q = 4*q + 72. Let v be -9*2*3/q. Suppose -12 = -v*r - 0. Determine o(r).
-2
Let n(r) = -r**2 - 21*r - 60. Let l(z) = -9*z**2 + 159*z + 36. Let j be l(18). Determine n(j).
-6
Let g(f) = f**3 - 11*f**2 + 3. Suppose -2*i + 5 + 10 = 5*p, 0 = i - 2*p + 6. Suppose i = 5*c - 16*c + 121. What is g(c)?
3
Let y(r) = -3*r + 12. Let d(o) = -4*o + 11. Let p = -4 + 20. Suppose 5*h + 0*x + x + 6 = 0, -2*h - 5*x + p = 0. Let l(u) = h*d(u) + 3*y(u). What is l(7)?
7
Let a(f) be the second derivative of f**4/12 + 11*f**3/6 + f**2/2 + 1176*f. Calculate a(-9).
-17
Let l = 29 - 24. Suppose -l*h + x = -3*h - 133, 4*x - 53 = -h. Let v = h + -59. Let u(s) = s - 7. Give u(v).
-1
Let f(u) = 8 - 8*u - 3 - u**2 + 0*u**2 + 2*u**2. Suppose -46*p + 254 = -22. Determine f(p).
-7
Let l(n) = 3*n + 16. Let w(o) = -19*o**2 + 304*o - 11. Let q be w(16). What is l(q)?
-17
Let z(r) be the first derivative of 57 + 1/3*r**3 + 7/2*r**2 + 7*r. What is z(-5)?
-3
Let i(o) = 3*o**2 - 13 + 598*o - 1199*o + 604*o. Give i(-3).
5
Let z(f) = f**2 - 2*f - 6. Let p = 3841 + -3834. Determine z(p).
29
Suppose -f = -35*f. Let g(h) = 1 + 5 + 2*h + 2*h - 1. Let o(r) = -3*r - 4. Let z(a) = 4*g(a) + 5*o(a). Calculate z(f).
0
Suppose 0 = -118*d + 155 + 81. Let p(c) = -4*c**3 + 8*c**2 - 15*c + 25. What is p(d)?
-5
Let k(c) = -31 + 196*c + 2*c**2 - 3*c**2 - 175*c. Let h be k(12). Let o = 85 - h. Let r(m) = -m**2 + 10*m - 11. Determine r(o).
5
Let q(p) be the third derivative of p**4/24 + 5*p**3/2 - 653*p**2. Give q(0).
15
Let g(z) = z**3 + 3*z**2 + z + 1. Let b = -94 + 271. Suppose 0 = 5*o + 2*t - b, -3*t - 27 = 5*o - 200. Let d = o + -40. What is g(d)?
-2
Let c(g) be the first derivative of 2*g**3/3 + 8*g**2 - 17*g + 25. Let i(o) = o**2 + o - 1. Let x(k) = c(k) - 3*i(k). Calculate x(10).
16
Suppose 22*f = 922 - 834. Let o(m) be the third derivative of 0*m + 0 + 1/6*m**3 - 12*m**2 + 1/12*m**f. Calculate o(3).
7
Let c be (-8)/28*(-1 - (-130)/(-10)). Let y(d) = d. Determine y(c).
4
Let a(c) = 3*c**2 - c + 1. Let z = 120 - 64. Let v = 66 - z. Suppose 0 = -v*r + 12*r - 2. Give a(r).
3
Suppose -3*y + 5*b = 49, -7*b + 44 = 3*y + 69. Let c(o) = o**2 + 6*o - 30. Give c(y).
61
Let p(i) be the second derivative of -3*i**4/8 + 2*i**3/3 - 89*i**2/2 - 116*i. Let f(u) be the first derivative of p(u). Give f(-3).
31
Let s(b) = 154*b + 1237. Let x be s(-8). Suppose -3*y + 9 = -0*y. Let v = x - y. Let c(p) = p**3 + 3*p - 2. Give c(v).
12
Let k(l) = l - 7. Let q(j) = 4*j**2 - 9*j + 21. Let s(d) = -3*d**2 + 8*d - 21. Let u(p) = -4*q(p) - 5*s(p). Let m be u(-7). What is k(m)?
-7
Let d(r) = 33 - 82 + 25 + r + 3*r + 41. What is d(-5)?
-3
Let s(v) = 2*v**2 + v. Let m(g) = g**2 + 2*g. Let c(z) = -3*m(z) + 2*s(z). Suppose 1 = h - 2. Suppose b - 2*p - 16 = -3*b, -h*b - p + 7 = 0. Calculate c(b).
-3
Let l(q) be the third derivative of 2*q**4/3 - q**3/2 + 13079*q**2. Calculate l(-11).
-179
Suppose d = -2 + 7. Suppose -13*x = -12*x - d. Let o(w) = -25*w + x + 12*w + 14*w. Calculate o(-4).
1
Let o(g) = -15*g**2 - g**3 + 869 - 1645 + 759 + g. Determine o(-15).
-32
Let d(y) = -12*y**2 - 16*y**2 + 21 + 29*y**2 - 282 + 24*y. What is d(-32)?
-5
Let m(n) be the first derivative of -20 + n - 23/2*n**2. What is m(-1)?
24
Let g(l) = l**2 - 17*l - 135. Let x be -18*((-91)/117)/((-28)/12). Determine g(x).
3
Let h(f) = 32*f**3 - f**2 + 2*f - 1. Let w = -14 - -216. Let m = w - 201. Give h(m).
32
Let z(a) = -5*a + 7. Let m(q) = -11*q + 18. Let h(p) = -3*m(p) + 7*z(p). Let o(w) = -1. Let r(f) = -2*h(f) + 9*o(f). Determine r(-1).
-3
Let b(z) be the third derivative of -1/60*z**5 + 0*z - 3/8*z**4 + 43*z**2 + 0 + 4/3*z**3. What is b(-9)?
8
Suppose 27*k = 2*k + 75. Suppose 3*z = 2*w - 9, 2*z + 0*z - 2*w + 4 = 0. Let v(p) = p + 5. Let u(g) = 2*g + 9. Let c(o) = k*u(o) + z*v(o). Calculate c(0).
2
Let f(k) = 17*k**2 + 523 - 1585 + 528 - k**3 - 15*k + 532. Give f(16).
14
Suppose t - 1035 = -873. Let r(l) = -13 - t*l**3 + 329*l**3 - 166*l**3. Calculate r(0).
-13
Let d(t) = -t**3 + 9*t**2 + t - 5. Let w(g) = 2*g**2 + 33*g - 1080. Let b be w(-33). Determine d(b).
4
Let f(u) = 5*u + 6. Let g be ((-14)/35*2 - 1/5) + -5. Determine f(g).
-24
Let b(i) = -i**3 + 6*i**2 + 8*i - 8. Suppose 8*w - 217 = 215. Suppose t = -f + w, 2*t - 3*f = -0*f + 88. Let k be ((-70)/t)/((-1)/5). Give b(k).
-1
Let k(o) = -9*o + 153. Let b(l) = 144*l - 2496. Let t(x) = -2*b(x) - 33*k(x). Determine t(6).
-3
Let p(x) = -x**3 + 6*x**2 + x + 4. Let c(i) = i**3 - 14*i**2 + 50*i - 15. Let t be c(8). Suppose -11*n + 65 = -t. What is p(n)?
10
Suppose 196 = 35*y - 21*y. Let j(u) = 6*u + 9*u - 3*u - 10*u + y - 3*u. Give j(8).
6
Let c(m) = -m**2 + 3*m + 1. Let p(o) = -2*o**2 + 14*o - 3. Let b be p(11). Let z = b + 96. Give c(z).
-9
Let m(v) be the first derivative of -v**4/4 - v**3/3 + 3*v**2/2 - 2*v - 493. Calculate m(-3).
7
Let v(k) = 2*k - 1. Let r be -5 + -1 + 5 + -2 + 7. Let d(t) = 7*t - 1. Let h(y) = r*v(y) - d(y). Calculate h(3).
0
Let a(w) = -3*w**3 - 1 + 2*w**2 - w + 17*w**2 - 16*w**2 - 3*w**3 + 7*w**3. Suppose -4 = 2*k, -3*h + 3*k - 4 + 1 = 0. Give a(h).
2
Let x = -66 + 82. Let f = x - 14. Suppose w - 20 = -f*v, -v - 8 = -4*v + 4*w. Let h(r) = r**3 - 9*r**2 + 8*r - 1. What is h(v)?
-1
Suppose j = x - 3 - 0, -2*x - 5*j = 22. Let p be (9/(-18))/(x/(-2)). Let w(h) = -h + 10*h**3 + 2*h + h**2 + 9*h**3 - 16*h**3. Give w(p).
-3
Let d(l) = 6*l**3 - 4*l**2 + 19*l - 6. Let g(y) = -y**3 + 2*y**2 - 4*y. Let z(s) = -d(s) - 5*g(s). Give z(-5).
-24
Let d(r) = 2*r + 17. Let b(i) = -i**2 - 22*i - 127. Let a be b(-13). Give d(a).
-3
Let d be (2/3 - 2)*6/(-8). Suppose 2*p + d = -11. Let z(h) = 7*h - 19. Let y(v) = -3*v + 6. Let c(g) = 8*y(g) + 3*z(g). Determine c(p).
9
Let k(u) = 5*u**3 + 4*u**2 + 2*u - 5. Let f(c) = 10*c**3 + 5*c**2 - 2*c**2 - 6 - 4*c**3 + 0 + c**3. Let p(h) = -3*f(h) + 4*k(h). Give p(8).
-2
Suppose 10 = -4*a + 6*a. Let f(r) = 14*r + 11. Let d